e 0*(15/(-6) - -2). Suppose 0*j - j = f. Suppose 3 = -j*l + l. Calculate the highest common factor of 30 and l.
3
Suppose -p = -2*p + 50. What is the highest common divisor of 125 and p?
25
Let u(y) = y**2 - 3*y + 1. Let t be u(5). Let n = 17 - t. Let c(w) = w**2 + w + 3. Let b be c(0). What is the greatest common divisor of b and n?
3
Let a(k) = k - 3. Let t be a(6). Suppose -4*q + 20 = q. Suppose -q*g + 5*y = -4, -4*y + t*y = 0. What is the highest common factor of g and 1?
1
Suppose 0 = 4*m - 24 - 8. Let a(r) = r**2 - 7*r - 4. Let i be a(m). Calculate the greatest common factor of i and 28.
4
Suppose -5*q - 20 = 0, -3*o + 2*q + 162 = -o. Let i = o + -43. Calculate the highest common divisor of i and 272.
34
Let c(g) = 3*g**3 - 2*g**2 - 3*g + 2. Let y be c(3). Suppose 3*p = -p + y. What is the greatest common factor of 14 and p?
14
Suppose -4*w + 10 = a - 2*w, 6 = -3*a + 3*w. Suppose 5*o = a*o + m + 30, -5*o + 50 = 4*m. What is the greatest common factor of 15 and o?
5
Suppose 4*x + 5 = -3*b - 44, -4*b - 3*x - 56 = 0. Let k = -4 - b. Let l = k - -7. What is the highest common factor of l and 98?
14
Suppose 2*h + 4*y = 10, -5*h - 13 = -2*y + 10. Let k = -5 + h. Let z(a) = a**2 + 7*a + 10. Let b be z(k). What is the highest common factor of 3 and b?
3
Let x be (2 + 12 - -2)*(-6)/(-4). Calculate the greatest common factor of 3 and x.
3
Let c(u) = 13*u. Let i(t) = t + 1. Let w be i(4). Let d be c(w). Let v = 32 - 6. Calculate the highest common factor of d and v.
13
Suppose 0 = -5*c + j + 202, -3*c + 2*j = -0*j - 124. Suppose 0 = 3*a + a - c. What is the greatest common factor of 110 and a?
10
Suppose d - 5 = m + 2, -2*d - 2*m = -2. Suppose 5*f - w - 2*w = 42, 40 = d*f - 4*w. What is the greatest common divisor of f and 15?
3
Suppose p = -0*p + 279. Let w be (-6)/39 - (2 - (-862)/(-26)). What is the highest common factor of w and p?
31
Suppose -70 = -2*o - 2*q, -2*o - 4*q = -4*o + 40. What is the highest common divisor of 5 and o?
5
Let o(l) = 5*l + 1. Let w be o(3). Calculate the highest common divisor of 16 and w.
16
Let u = -800 - -385. Let g = 712 + u. Calculate the highest common divisor of g and 33.
33
Let g(n) be the second derivative of n**4/6 - 3*n**3/2 - 5*n**2/2 - 3*n. Let y be g(7). Calculate the highest common factor of y and 3.
3
Let w(k) = k + 0*k + 12*k**2 - 2*k. Let x be w(-1). Let t = x + -7. Calculate the highest common divisor of 42 and t.
6
Suppose 6*t + 527 = 2*t - 3*l, 3*t + 2*l + 395 = 0. Let x = t + 219. Let a = 4 + 7. Calculate the highest common divisor of a and x.
11
Let s = 169 - 115. Calculate the greatest common factor of 18 and s.
18
Let f be 4/10 + (-2)/5. Let v = f - -2. Suppose 7*a - 35 = v*a. Calculate the highest common factor of a and 1.
1
Let d be 1/4 + 119/4. What is the highest common divisor of d and 90?
30
Let h be (-6)/3 + (-27 - -2). Let j be h*(8/(-3))/4. Let d be (2/(-3))/((-4)/j). What is the highest common divisor of 24 and d?
3
Let g(t) = 37*t**2 - 3*t - 1. Let o be g(-3). Calculate the highest common factor of o and 31.
31
Let m be ((-44)/5)/((-12)/30). Let p = m + 88. Let n(v) = -v**3 - 5*v**2 - 2*v. Let g be n(-5). Calculate the highest common divisor of g and p.
10
Let y be 177/21 - (-3)/(-7). Calculate the greatest common factor of y and 4.
4
Let q be (0 - 0) + 1 + 1. Let p(b) = 4*b**2 + b - 3 + 2 - 2*b**2 + 0*b. Let y be p(1). Calculate the greatest common divisor of y and q.
2
Suppose 4*k = -0*d + 3*d + 11, -5*k + 4*d = -13. Let y be -2*(-4)/8*k. Calculate the highest common divisor of 20 and y.
5
Suppose 0*q + 18 = 2*q. Let n(l) = 28*l - 12. Let c be n(3). Calculate the highest common factor of q and c.
9
Suppose -5*h - 1 = -16. What is the greatest common factor of h and 27?
3
Let p(d) = -4*d - 1. Let u be p(-1). Let n be 64/4*(-3)/(-3). Suppose n = 4*g + 4*t, -4*g = t - 0*t - 7. Calculate the greatest common factor of g and u.
1
Let b be ((-4)/(-6))/(1/63). What is the greatest common divisor of b and 7?
7
Let x = -45 - -61. Calculate the greatest common divisor of 8 and x.
8
Suppose 0*g + 2*g = 4. Calculate the highest common factor of g and 2.
2
Suppose 0 = 3*g - 8 - 1. Let b be -3 + g + 36 + -2. What is the greatest common factor of b and 17?
17
Let n be (-2)/(-6) + (-34)/(-6). Let u be 51/n - 2/(-4). What is the highest common divisor of u and 36?
9
Let s(l) be the first derivative of l**2 - l + 6. Let n be s(1). Calculate the greatest common factor of 11 and n.
1
Let c = 30 - 20. Suppose -2*b = w + b - 73, -w - b + 71 = 0. What is the highest common factor of w and c?
10
Let y(r) = -r**2 - 4*r. Let k be y(-2). Let z be ((-3)/6)/((-4)/(-16)). Let w = z + k. Calculate the greatest common divisor of 14 and w.
2
Let i(n) = -7*n - 3. Let m be i(-4). Let b = 16 + -26. Let v = m - b. What is the highest common divisor of 7 and v?
7
Let a(j) = 4*j + 5. Let u be a(3). What is the greatest common factor of 153 and u?
17
Suppose g - 4*s - 21 = 0, 0 = 5*g + 5*s - 2*s - 13. Let d = -104 + 159. What is the greatest common factor of d and g?
5
Let u be 12/(-8) - (-294)/4. What is the highest common divisor of u and 18?
18
Let j(q) = q**2 + 5*q - 6. Let x be j(-7). Let y be ((-76)/x + -3)*-2. Calculate the highest common divisor of y and 10.
5
Let i be 2/(-4)*2 - 3. Let k be ((-6)/(-4))/((-2)/i). Calculate the greatest common factor of 3 and k.
3
Let x = 11 + -4. Suppose 5*s = x*s - 30. Calculate the highest common factor of 5 and s.
5
Suppose -3*z = 91 - 595. Let u(b) = -b**3 - 4*b**2 - 4*b + 5. Let f be u(-4). Calculate the greatest common divisor of z and f.
21
Let i be 5*(3 - (-11)/(-5)). Suppose 3*o = 4*y + 165 + 15, 5*o - 300 = -i*y. Calculate the greatest common factor of 24 and o.
12
Suppose -4*o - 11 = -3. Let d(b) = -11*b - 2. Let g be d(o). Let m be (-3)/(54/g + -3). Calculate the greatest common factor of 40 and m.
10
Suppose 0 = -4*k + 4, 3*b = -0*b - 4*k + 94. Let g be ((-3)/2)/(4/(-40)). Let o = 25 - g. What is the highest common factor of b and o?
10
Let w(d) be the third derivative of -d**6/120 - d**5/12 - d**4/4 + d**3/3 - d**2. Let u be w(-5). Calculate the greatest common factor of 16 and u.
16
Let v(p) = p**3 - 12*p**2 - 11*p - 4. Let h be v(14). Calculate the greatest common factor of 26 and h.
26
Suppose 0 = u + 4*u - 15. Suppose 3*r - 4 = -p, -u = r - 1. Let t(y) = -y - 1. Let b be t(-5). What is the greatest common factor of b and p?
2
Let o be (-2)/10*-3*-5. Let s be (-44)/16*(-7 - o). Calculate the greatest common factor of 55 and s.
11
Let b be -4 + (18 - (0 + 2)). Calculate the highest common factor of 108 and b.
12
Let y be (-403)/(-52) - 2/(-8). What is the highest common divisor of 1 and y?
1
Suppose 0 = 5*p - 0*p + 145. Let w be 9/(-36) - p/4. Suppose -w*a = -3*a - 16. Calculate the greatest common divisor of 16 and a.
4
Suppose -2*o + 4 = -0*o + 2*t, 0 = -4*t + 20. Suppose 7*p + 6 = 4*p. Let b be o*(p + 8/(-3)). What is the highest common divisor of 42 and b?
14
Let a(v) = -v**3 + v**2 + 1. Let r be a(2). Let d be -3 + 25 + r/3. Let c be (-6)/5*(-15)/6. What is the highest common factor of d and c?
3
Let w = 250 + -170. Calculate the greatest common factor of w and 16.
16
Suppose -15 = 4*i - 9*i. Suppose -9 = -i*b + 96. Let d be (-38)/(-8) - 1/(-4). Calculate the highest common divisor of d and b.
5
Let y = 28 - 7. Let c = 33 - 30. Calculate the highest common divisor of c and y.
3
Let j(s) = 127*s + 5. Let z be j(2). Calculate the highest common divisor of 37 and z.
37
Suppose -7*v + 153 + 15 = 0. What is the greatest common divisor of 12 and v?
12
Let x = -48 + 60. Calculate the highest common divisor of 36 and x.
12
Suppose 0 = -3*z + 15, 0*g + 4*z = -2*g + 20. Suppose g = -2*n + 8 - 2. Suppose -n*p = -p - 10. What is the highest common factor of 25 and p?
5
Let c(v) = v**2 + 3*v. Let s be c(-3). Suppose -h - 3 + 1 = s. Let j be (-258)/h + (-3)/1. Calculate the highest common divisor of j and 21.
21
Let g(l) = -2*l - 3. Let p(t) = 2*t + 5. Let o be p(-7). Let x be g(o). Calculate the highest common factor of x and 10.
5
Let u be 1 - (2 + -9 + 3). Let a = 7 - 2. Suppose -u*y + a*v = -385, -y + 5*v + 65 = -0*y. What is the greatest common factor of 20 and y?
20
Let u(p) = 4*p**2 + 4. Let n be u(-3). Calculate the greatest common factor of n and 5.
5
Suppose 